reatest common factor of h and g.
12
Let c = -4346 - -4358. Suppose -4*v - 8 = -0. Let n be (-6)/v + 0 + 9. What is the greatest common divisor of n and c?
12
Let h(x) = -21*x**3 - 15*x**2 + 2*x. Let y be h(-2). What is the highest common factor of y and 13?
13
Let g = -4796 + 11297. Calculate the greatest common factor of g and 33.
33
Suppose 174*s = 180*s - 24. Suppose -42 + 118 = 3*w - 5*p, -132 = -s*w - p. Calculate the greatest common divisor of w and 256.
32
Let s(a) = -22*a. Let t be s(-5). Suppose 4*f - 506 = -2*w, -126 = -2*w + 2*f + 350. Let m = w + -221. Calculate the greatest common factor of m and t.
22
Let o(n) = n**2 + 5*n + 13 - n**3 - 23*n + 17*n. Let j be 0/(-1)*(-2)/(-4). Let z be o(j). What is the highest common factor of 39 and z?
13
Let z be (-2)/(-3) - 8/(-6). Suppose -2*k + 4*k + 2*j + 6 = 0, -2*k + 14 = -z*j. Let h = -20022 - -20023. Calculate the greatest common divisor of h and k.
1
Suppose 243 + 441 = 19*o. What is the highest common factor of 963 and o?
9
Let s be (2 - (-180)/(-63))/(236/(-112) + 2). Let z(t) = t**2. Let m be z(6). What is the greatest common factor of m and s?
4
Let w = 556 - 554. Suppose -6*r + 895 = k - 2*r, -w*k + 5*r = -1855. Calculate the highest common factor of k and 15.
15
Let m = 17493 + -17369. Let i = -973 - -1407. Calculate the highest common divisor of m and i.
62
Let r be (-1695)/(-20) + (-12)/16. Let m = -38 + r. Let c = 47 - m. Calculate the greatest common factor of 8 and c.
1
Suppose 3*t - 8*t + 3*o = -3732, -o = 4. Let y = t - 611. Calculate the greatest common divisor of 35 and y.
7
Let n(a) = a**3 + a + 135. Let o be n(0). Suppose 168*t - 175*t = -1575. What is the highest common divisor of o and t?
45
Let f = -7829 + 7934. What is the greatest common factor of f and 49?
7
Let c(z) = -z**3 + 19*z**2 + 40*z + 38. Let s be c(21). Let x(o) = -7*o**3 + 3*o**2 + 11*o - 4. Let n be x(s). Calculate the greatest common factor of 14 and n.
14
Let g = 625 - 557. Suppose 2*x - x + 5*l = g, -5*x + 288 = -l. Calculate the highest common factor of 145 and x.
29
Let x = 6059 - 3874. What is the highest common divisor of x and 92?
23
Let o = -58 - -116. Let z(q) = -q**2 - q + 161. Let d be z(0). Let p be (-69)/d + 2036/14. Calculate the highest common factor of p and o.
29
Let p be (-5 + (3 - -3))*0. Suppose -2*j - 5*i = j - 27, -5*j + 11 = -3*i. Suppose p = -h - j*h + 400. Calculate the greatest common divisor of 16 and h.
16
Let i = -46 + 44. Let p be -22*i/12*(0 + 3). Calculate the greatest common divisor of 1 and p.
1
Let z(i) = -i**3 - 6*i**2 - 6*i + 1. Let c be z(-5). Let p = -226 - -256. What is the greatest common factor of c and p?
6
Suppose 16*g - 59 = 213. What is the highest common factor of g and 7446?
17
Let r = -723 - -1015. Let c = r - 280. Suppose 25 = 2*m - i, -2*i - 32 + 78 = 4*m. Calculate the greatest common divisor of c and m.
12
Let o = -7923 + 10827. Calculate the greatest common divisor of 132 and o.
132
Suppose -4*l + 5*c + 340 = -1043, 0 = 5*c + 35. Calculate the highest common factor of l and 19.
1
Suppose -c + 23 + 9 = -5*v, 3*c + v - 16 = 0. Suppose 0 = -5*y - 4*u + 196, 2*u = -3*y + c*y - 136. Calculate the greatest common divisor of 108 and y.
36
Suppose 176 = 8*r - 48. Let q = r - 28. Let n be (0 + q)/(-1 - 0) - -15. Calculate the greatest common factor of n and 3.
3
Let h be ((-8)/(-10))/(-3*6/135). Let t be 4/h - 1495/(-69). Calculate the highest common factor of 126 and t.
21
Let w = 101 - 45. Suppose 0 = -5*r - 90, o - o - 9*r + 34 = 2*o. Calculate the greatest common factor of o and w.
14
Let q(w) = -w**3 + 3*w**2 + 11*w - 6. Let m be q(5). Let h be (500/(-20))/(7/8 + m). What is the highest common factor of 20 and h?
20
Suppose 3*t + 48 = -5*d, -2*t - 17 - 10 = 5*d. Let n be (-8)/28 - 1056/t. What is the highest common factor of n and 40?
10
Let z be (10/(-25))/((-1)/10). Let s be (z/((-16)/3))/(1/36). Let r = 225 + s. What is the greatest common factor of 22 and r?
22
Suppose g - 7*g + 432 = 0. Suppose -57*o + 63 + 636 + 213 = 0. Calculate the highest common factor of o and g.
8
Let f be 69/46 + (-9)/(-6). Let t be 2 + -5 + f - -116. What is the greatest common divisor of 58 and t?
58
Suppose 22*v - 51*v = -25*v - 288. Suppose 7 - 48 = 3*b - y, -2*y - 44 = 3*b. Let j = b - -23. What is the greatest common divisor of v and j?
9
Suppose -2*x + 5*y = 0, -3*x + 75 = y + 24. What is the highest common factor of x and 4665?
15
Let k = 104 - 165. Let i = -20 - k. Calculate the highest common factor of 41 and i.
41
Suppose -28 = 24*m - 20*m. Let a(l) = l**3 + 5*l**2 - 15*l + 12. Let x be a(m). What is the highest common divisor of x and 19?
19
Let z be 4 - (-1)/(3 + -4). Let o be (2 + 3)*(4 + z). Calculate the greatest common factor of 14 and o.
7
Suppose 0 = d + d - 40. Let v(o) = -75*o + d*o + 20*o + 19*o - 6 + o**2. Let r be v(17). Calculate the greatest common divisor of 77 and r.
11
Suppose -25327*f - 10990 = -25337*f. What is the greatest common factor of 14 and f?
7
Suppose 881 = 10*j + 131. Suppose 3*i - 8*i + j = 0. Calculate the greatest common divisor of i and 105.
15
Let w(r) = 104*r + 14. Let s be w(8). Suppose 7*o + s = 25*o. Calculate the highest common factor of 235 and o.
47
Let i be ((-2286)/(-15) - 15) + 9/15. Let n be (-98)/(-8) - 6/24. What is the highest common divisor of i and n?
6
Let r(f) = -155*f + 1265. Let x be r(-12). What is the highest common factor of 50 and x?
25
Let u = 48 - 48. Suppose 33*l + 2*w = 30*l + 296, u = 2*w - 8. What is the greatest common factor of 18 and l?
6
Suppose 5*i = p - 318 - 59, -22*p + 7724 = 4*i. Calculate the highest common divisor of p and 1376.
32
Suppose -4*i + 12*i + 1752 = 0. Let m = i - -402. What is the greatest common divisor of m and 244?
61
Let b be (4/6 + 2)/(4/42). Suppose -r + 6*r = y + 31, -4*r = -4*y - b. Let c(s) = 17*s - 3. Let q be c(r). Calculate the highest common factor of q and 11.
11
Suppose -45*a + 38309 = 37634. Suppose -b + 5*b - 24 = 0. What is the greatest common factor of a and b?
3
Let n(s) = 27*s**3 + s**2 - 4*s - 4. Let f be n(-1). Suppose -322 = -7*m - 126. Let d = f + m. Calculate the greatest common factor of d and 36.
2
Let b be 20/70 + (-892)/(-14). Let o = -121 + 121. Let m be 10 + (o - 1 - 1). Calculate the greatest common factor of m and b.
8
Let t = 199 + -192. Let y be 1 - (t - 18) - 1*2. Calculate the greatest common divisor of y and 4.
2
Suppose -5*o = -8*x + 5*x - 77, -x = -o + 17. Suppose -o + 41 = 4*a. Calculate the highest common divisor of a and 35.
7
Let g(y) = 127*y - 2470. Let i be g(20). Calculate the highest common factor of i and 3430.
70
Let i = 18203 - 16278. Calculate the highest common divisor of i and 1225.
175
Let p = -9 + 15. Suppose 7*v = 40*v + 297. Let a be (-36 - v)/((-2)/(-4)*-1). Calculate the greatest common divisor of a and p.
6
Let t be ((-92)/8)/(7 + (-620)/88). Calculate the highest common factor of 176 and t.
11
Let f be 582/(224/(-14) - -18). What is the greatest common divisor of 21 and f?
3
Suppose 0 = -3*t - 4*g - 166, 5*g - 162 = 3*t + 8*g. Let j = t + 74. Calculate the highest common factor of j and 420.
12
Let u be -4 - (-1 + (0 - 183) + 3). Suppose g + 233 = i, 3*i - 914 = -2*g - 200. Calculate the highest common factor of i and u.
59
Let n = 96 + -57. Let y be ((-8)/20)/(6/4770). Let a = -279 - y. Calculate the greatest common factor of a and n.
39
Suppose 6*s = 2*s. Suppose s = -5*p + 13 + 22. Let f = -792 + 820. Calculate the greatest common factor of f and p.
7
Let o be 46974/90 + 32/480. What is the highest common divisor of o and 19053?
261
Suppose 52 + 83 = 5*s. Suppose -6*f - 4350 = -1746. Let q = f - -437. What is the greatest common factor of q and s?
3
Suppose 5*q + n - 52770 = 0, -q - 2*n + 2429 + 8134 = 0. Calculate the highest common factor of 61 and q.
61
Suppose -7*c = 2*o - 8*c + 253, -o - 130 = 3*c. Let t = 149 + o. Calculate the greatest common factor of 55 and t.
11
Let l be 12/(4/(-15)*-5). Suppose -5*m + 159 = -21. Calculate the greatest common factor of m and l.
9
Let o = 5 + -4. Let v = -18 + 22. Suppose v = -g + 6. Calculate the greatest common factor of g and o.
1
Let i = 2 - 19. Let k = i - -25. Let t be 1/(-4) + 13 + -12 + 314/8. Calculate the highest common divisor of k and t.
8
Suppose 0 